{"version":"1.0","provider_name":"Col-legi de Mediadors d&#039;Assegurances de Barcelona","provider_url":"https:\/\/www.elcol-legi.org\/w","author_name":"cmab","author_url":"https:\/\/www.elcol-legi.org\/w\/author\/cmab\/","title":"Assessor Fiscal i Mercantil - Col-legi de Mediadors d&#039;Assegurances de Barcelona","type":"rich","width":600,"height":338,"html":"<blockquote class=\"wp-embedded-content\" data-secret=\"zSwjSW3JCf\"><a href=\"https:\/\/www.elcol-legi.org\/w\/service\/assessor-fiscal-mercantil\/\">Assessor Fiscal i Mercantil<\/a><\/blockquote><iframe sandbox=\"allow-scripts\" security=\"restricted\" src=\"https:\/\/www.elcol-legi.org\/w\/service\/assessor-fiscal-mercantil\/embed\/#?secret=zSwjSW3JCf\" width=\"600\" height=\"338\" title=\"&#8220;Assessor Fiscal i Mercantil&#8221; &#8212; Col-legi de Mediadors d&#039;Assegurances de Barcelona\" data-secret=\"zSwjSW3JCf\" frameborder=\"0\" marginwidth=\"0\" marginheight=\"0\" scrolling=\"no\" class=\"wp-embedded-content\"><\/iframe><script type=\"text\/javascript\">\n\/* <![CDATA[ *\/\n\/*! This file is auto-generated *\/\n!function(d,l){\"use strict\";l.querySelector&&d.addEventListener&&\"undefined\"!=typeof URL&&(d.wp=d.wp||{},d.wp.receiveEmbedMessage||(d.wp.receiveEmbedMessage=function(e){var t=e.data;if((t||t.secret||t.message||t.value)&&!\/[^a-zA-Z0-9]\/.test(t.secret)){for(var s,r,n,a=l.querySelectorAll('iframe[data-secret=\"'+t.secret+'\"]'),o=l.querySelectorAll('blockquote[data-secret=\"'+t.secret+'\"]'),c=new RegExp(\"^https?:$\",\"i\"),i=0;i<o.length;i++)o[i].style.display=\"none\";for(i=0;i<a.length;i++)s=a[i],e.source===s.contentWindow&&(s.removeAttribute(\"style\"),\"height\"===t.message?(1e3<(r=parseInt(t.value,10))?r=1e3:~~r<200&&(r=200),s.height=r):\"link\"===t.message&&(r=new URL(s.getAttribute(\"src\")),n=new URL(t.value),c.test(n.protocol))&&n.host===r.host&&l.activeElement===s&&(d.top.location.href=t.value))}},d.addEventListener(\"message\",d.wp.receiveEmbedMessage,!1),l.addEventListener(\"DOMContentLoaded\",function(){for(var e,t,s=l.querySelectorAll(\"iframe.wp-embedded-content\"),r=0;r<s.length;r++)(t=(e=s[r]).getAttribute(\"data-secret\"))||(t=Math.random().toString(36).substring(2,12),e.src+=\"#?secret=\"+t,e.setAttribute(\"data-secret\",t)),e.contentWindow.postMessage({message:\"ready\",secret:t},\"*\")},!1)))}(window,document);\n\/\/# sourceURL=https:\/\/www.elcol-legi.org\/w\/wp-includes\/js\/wp-embed.min.js\n\/* ]]> *\/\n<\/script>\n","thumbnail_url":"https:\/\/www.elcol-legi.org\/w\/wp-content\/uploads\/2021\/05\/Angel-Maria-Ceniceros-346-230.png","thumbnail_width":346,"thumbnail_height":230,"description":"[vc_section][vc_row][vc_column][stm_spacing lg_spacing=&#8221;15&#8243; md_spacing=&#8221;15&#8243; sm_spacing=&#8221;15&#8243; xs_spacing=&#8221;15&#8243;][\/vc_column][\/vc_row][vc_row][vc_column width=&#8221;1\/2&#8243;][vc_single_image image=&#8221;9891&#8243; img_size=&#8221;full&#8221; alignment=&#8221;center&#8221;][\/vc_column][vc_column width=&#8221;1\/2&#8243;][vc_column_text]FLM s\u00f3n els encarregats de donar resposta a les consultes derivades de q\u00fcestions tribut\u00e0ries, mercantils i comptables. Els seus socis, amb amplia experi\u00e8ncia en el sector de la mediaci\u00f3, atenen els dubtes dels col\u00b7legiats i els del propi Col\u00b7legi en aquestes \u00e0rees. Gr\u00e0cies a la seva"}

[vc_section][vc_row][vc_column][stm_spacing lg_spacing=&#8221;15&#8243; md_spacing=&#8221;15&#8243; sm_spacing=&#8221;15&#8243; xs_spacing=&#8221;15&#8243;][/vc_column][/vc_row][vc_row][vc_column width=&#8221;1/2&#8243;][vc_single_image image=&#8221;9891&#8243; img_size=&#8221;full&#8221; alignment=&#8221;center&#8221;][/vc_column][vc_column width=&#8221;1/2&#8243;][vc_column_text]FLM són els encarregats de donar resposta a les consultes derivades de qüestions tributàries, mercantils i comptables. Els seus socis, amb amplia experiència en el sector de la mediació, atenen els dubtes dels col·legiats i els del propi Col·legi en aquestes àrees. Gràcies a la seva
