{"id":3673,"date":"2021-04-16T12:17:14","date_gmt":"2021-04-16T10:17:14","guid":{"rendered":"https:\/\/elcol-legi.org\/w\/?page_id=3673"},"modified":"2021-07-01T17:12:11","modified_gmt":"2021-07-01T15:12:11","slug":"mediario-tv","status":"publish","type":"page","link":"https:\/\/www.elcol-legi.org\/w\/mediario-tv\/","title":{"rendered":"Mediario Tv"},"content":{"rendered":"<div class=\"wpb-content-wrapper\"><p>[vc_row][vc_column][vc_single_image image=&#8221;5996&#8243; img_size=&#8221;350&#215;100&#8243; alignment=&#8221;center&#8221;][vc_row_inner][vc_column_inner][vc_column_text]L&#8217;\u00faltim canal que s&#8217;ha unit a l&#8217;estrat\u00e8gia de comunicaci\u00f3 del Col\u00b7legi \u00e9s <strong>Mediario TV<\/strong>, que va n\u00e9ixer en paral\u00b7lel a primera Setmana Mundial Digital de la hist\u00f2ria, al novembre de 2020. En aquella ocasi\u00f3, la pand\u00e8mia ens va obligar a replantejar la manera en la qual se celebra l&#8217;esdeveniment m\u00e9s important dels que organitza el Col\u00b7legi cada any. <strong>Mediario TV<\/strong> va ser el portal web en el qual els participants en la Setmana Mundial van poder seguir en directe o, m\u00e9s tard, en diferit, tota la proposta de continguts que va incloure una s\u00e8rie de TV de cinc cap\u00edtols de producci\u00f3 pr\u00f2pia que gira al voltant de les perip\u00e8cies d&#8217;una fam\u00edlia de mediadors.<\/p>\n<p><a href=\"http:\/\/mediario.tv\"><strong>Mediario TV<\/strong><\/a> \u00e9s el mitj\u00e0 del Col\u00b7legi en el qual es distribueixen tots els continguts en format audiovisual. Aquesta web tamb\u00e9 inclou l&#8217;acc\u00e9s a la formaci\u00f3, en directe o en diferit, que es desenvolupa des del Col\u00b7legi i la Fundaci\u00f3 Auditorium.[\/vc_column_text][vc_btn title=&#8221;Accedir a Mediario.tv&#8221; color=&#8221;blue&#8221; align=&#8221;center&#8221; link=&#8221;url:http%3A%2F%2Fmediario.tv&#8221;][\/vc_column_inner][\/vc_row_inner][\/vc_column][\/vc_row]<\/p>\n<\/div>","protected":false},"excerpt":{"rendered":"<p>[vc_row][vc_column][vc_single_image image=&#8221;5996&#8243; img_size=&#8221;350&#215;100&#8243; alignment=&#8221;center&#8221;][vc_row_inner][vc_column_inner][vc_column_text]L&#8217;\u00faltim canal que s&#8217;ha unit a l&#8217;estrat\u00e8gia de comunicaci\u00f3 del Col\u00b7legi \u00e9s Mediario TV, que va n\u00e9ixer en paral\u00b7lel a primera Setmana Mundial Digital de la hist\u00f2ria, al novembre de 2020. En aquella ocasi\u00f3, la pand\u00e8mia ens va obligar a replantejar la manera en la qual se celebra l&#8217;esdeveniment m\u00e9s important dels<\/p>\n","protected":false},"author":4,"featured_media":0,"parent":0,"menu_order":0,"comment_status":"closed","ping_status":"closed","template":"","meta":{"footnotes":""},"class_list":["post-3673","page","type-page","status-publish","hentry"],"yoast_head":"<!-- This site is optimized with the Yoast SEO plugin v27.5 - https:\/\/yoast.com\/product\/yoast-seo-wordpress\/ -->\n<title>Mediario Tv - Col-legi de Mediadors d&#039;Assegurances de Barcelona<\/title>\n<meta name=\"robots\" content=\"index, follow, max-snippet:-1, max-image-preview:large, max-video-preview:-1\" \/>\n<link rel=\"canonical\" href=\"https:\/\/www.elcol-legi.org\/w\/mediario-tv\/\" \/>\n<meta property=\"og:locale\" content=\"ca_ES\" \/>\n<meta property=\"og:type\" content=\"article\" \/>\n<meta property=\"og:title\" content=\"Mediario Tv - Col-legi de Mediadors d&#039;Assegurances de Barcelona\" \/>\n<meta property=\"og:description\" content=\"[vc_row][vc_column][vc_single_image image=&#8221;5996&#8243; img_size=&#8221;350&#215;100&#8243; alignment=&#8221;center&#8221;][vc_row_inner][vc_column_inner][vc_column_text]L&#8217;\u00faltim canal que s&#8217;ha unit a l&#8217;estrat\u00e8gia de comunicaci\u00f3 del Col\u00b7legi \u00e9s Mediario TV, que va n\u00e9ixer en paral\u00b7lel a primera Setmana Mundial Digital de la hist\u00f2ria, al novembre de 2020. En aquella ocasi\u00f3, la pand\u00e8mia ens va obligar a replantejar la manera en la qual se celebra l&#8217;esdeveniment m\u00e9s important dels\" \/>\n<meta property=\"og:url\" content=\"https:\/\/www.elcol-legi.org\/w\/mediario-tv\/\" \/>\n<meta property=\"og:site_name\" content=\"Col-legi de Mediadors d&#039;Assegurances de Barcelona\" \/>\n<meta property=\"article:modified_time\" content=\"2021-07-01T15:12:11+00:00\" \/>\n<meta name=\"twitter:card\" content=\"summary_large_image\" \/>\n<meta name=\"twitter:label1\" content=\"Temps estimat de lectura\" \/>\n\t<meta name=\"twitter:data1\" content=\"1 minut\" \/>\n<script type=\"application\/ld+json\" class=\"yoast-schema-graph\">{\"@context\":\"https:\\\/\\\/schema.org\",\"@graph\":[{\"@type\":\"WebPage\",\"@id\":\"https:\\\/\\\/www.elcol-legi.org\\\/w\\\/mediario-tv\\\/\",\"url\":\"https:\\\/\\\/www.elcol-legi.org\\\/w\\\/mediario-tv\\\/\",\"name\":\"Mediario Tv - Col-legi de Mediadors d&#039;Assegurances de Barcelona\",\"isPartOf\":{\"@id\":\"https:\\\/\\\/www.elcol-legi.org\\\/w\\\/#website\"},\"datePublished\":\"2021-04-16T10:17:14+00:00\",\"dateModified\":\"2021-07-01T15:12:11+00:00\",\"breadcrumb\":{\"@id\":\"https:\\\/\\\/www.elcol-legi.org\\\/w\\\/mediario-tv\\\/#breadcrumb\"},\"inLanguage\":\"ca\",\"potentialAction\":[{\"@type\":\"ReadAction\",\"target\":[\"https:\\\/\\\/www.elcol-legi.org\\\/w\\\/mediario-tv\\\/\"]}]},{\"@type\":\"BreadcrumbList\",\"@id\":\"https:\\\/\\\/www.elcol-legi.org\\\/w\\\/mediario-tv\\\/#breadcrumb\",\"itemListElement\":[{\"@type\":\"ListItem\",\"position\":1,\"name\":\"Inici\",\"item\":\"https:\\\/\\\/www.elcol-legi.org\\\/w\\\/\"},{\"@type\":\"ListItem\",\"position\":2,\"name\":\"Mediario Tv\"}]},{\"@type\":\"WebSite\",\"@id\":\"https:\\\/\\\/www.elcol-legi.org\\\/w\\\/#website\",\"url\":\"https:\\\/\\\/www.elcol-legi.org\\\/w\\\/\",\"name\":\"Col-legi de Mediadors d&#039;Assegurances de Barcelona\",\"description\":\"Support al mediador d&#039;assegurances\",\"potentialAction\":[{\"@type\":\"SearchAction\",\"target\":{\"@type\":\"EntryPoint\",\"urlTemplate\":\"https:\\\/\\\/www.elcol-legi.org\\\/w\\\/?s={search_term_string}\"},\"query-input\":{\"@type\":\"PropertyValueSpecification\",\"valueRequired\":true,\"valueName\":\"search_term_string\"}}],\"inLanguage\":\"ca\"}]}<\/script>\n<!-- \/ Yoast SEO plugin. -->","yoast_head_json":{"title":"Mediario Tv - Col-legi de Mediadors d&#039;Assegurances de Barcelona","robots":{"index":"index","follow":"follow","max-snippet":"max-snippet:-1","max-image-preview":"max-image-preview:large","max-video-preview":"max-video-preview:-1"},"canonical":"https:\/\/www.elcol-legi.org\/w\/mediario-tv\/","og_locale":"ca_ES","og_type":"article","og_title":"Mediario Tv - Col-legi de Mediadors d&#039;Assegurances de Barcelona","og_description":"[vc_row][vc_column][vc_single_image image=&#8221;5996&#8243; img_size=&#8221;350&#215;100&#8243; alignment=&#8221;center&#8221;][vc_row_inner][vc_column_inner][vc_column_text]L&#8217;\u00faltim canal que s&#8217;ha unit a l&#8217;estrat\u00e8gia de comunicaci\u00f3 del Col\u00b7legi \u00e9s Mediario TV, que va n\u00e9ixer en paral\u00b7lel a primera Setmana Mundial Digital de la hist\u00f2ria, al novembre de 2020. En aquella ocasi\u00f3, la pand\u00e8mia ens va obligar a replantejar la manera en la qual se celebra l&#8217;esdeveniment m\u00e9s important dels","og_url":"https:\/\/www.elcol-legi.org\/w\/mediario-tv\/","og_site_name":"Col-legi de Mediadors d&#039;Assegurances de Barcelona","article_modified_time":"2021-07-01T15:12:11+00:00","twitter_card":"summary_large_image","twitter_misc":{"Temps estimat de lectura":"1 minut"},"schema":{"@context":"https:\/\/schema.org","@graph":[{"@type":"WebPage","@id":"https:\/\/www.elcol-legi.org\/w\/mediario-tv\/","url":"https:\/\/www.elcol-legi.org\/w\/mediario-tv\/","name":"Mediario Tv - Col-legi de Mediadors d&#039;Assegurances de Barcelona","isPartOf":{"@id":"https:\/\/www.elcol-legi.org\/w\/#website"},"datePublished":"2021-04-16T10:17:14+00:00","dateModified":"2021-07-01T15:12:11+00:00","breadcrumb":{"@id":"https:\/\/www.elcol-legi.org\/w\/mediario-tv\/#breadcrumb"},"inLanguage":"ca","potentialAction":[{"@type":"ReadAction","target":["https:\/\/www.elcol-legi.org\/w\/mediario-tv\/"]}]},{"@type":"BreadcrumbList","@id":"https:\/\/www.elcol-legi.org\/w\/mediario-tv\/#breadcrumb","itemListElement":[{"@type":"ListItem","position":1,"name":"Inici","item":"https:\/\/www.elcol-legi.org\/w\/"},{"@type":"ListItem","position":2,"name":"Mediario Tv"}]},{"@type":"WebSite","@id":"https:\/\/www.elcol-legi.org\/w\/#website","url":"https:\/\/www.elcol-legi.org\/w\/","name":"Col-legi de Mediadors d&#039;Assegurances de Barcelona","description":"Support al mediador d&#039;assegurances","potentialAction":[{"@type":"SearchAction","target":{"@type":"EntryPoint","urlTemplate":"https:\/\/www.elcol-legi.org\/w\/?s={search_term_string}"},"query-input":{"@type":"PropertyValueSpecification","valueRequired":true,"valueName":"search_term_string"}}],"inLanguage":"ca"}]}},"_links":{"self":[{"href":"https:\/\/www.elcol-legi.org\/w\/wp-json\/wp\/v2\/pages\/3673","targetHints":{"allow":["GET"]}}],"collection":[{"href":"https:\/\/www.elcol-legi.org\/w\/wp-json\/wp\/v2\/pages"}],"about":[{"href":"https:\/\/www.elcol-legi.org\/w\/wp-json\/wp\/v2\/types\/page"}],"author":[{"embeddable":true,"href":"https:\/\/www.elcol-legi.org\/w\/wp-json\/wp\/v2\/users\/4"}],"replies":[{"embeddable":true,"href":"https:\/\/www.elcol-legi.org\/w\/wp-json\/wp\/v2\/comments?post=3673"}],"version-history":[{"count":6,"href":"https:\/\/www.elcol-legi.org\/w\/wp-json\/wp\/v2\/pages\/3673\/revisions"}],"predecessor-version":[{"id":6007,"href":"https:\/\/www.elcol-legi.org\/w\/wp-json\/wp\/v2\/pages\/3673\/revisions\/6007"}],"wp:attachment":[{"href":"https:\/\/www.elcol-legi.org\/w\/wp-json\/wp\/v2\/media?parent=3673"}],"curies":[{"name":"wp","href":"https:\/\/api.w.org\/{rel}","templated":true}]}}

<div class="wpb-content-wrapper"><p>[vc_row][vc_column][vc_single_image image=&#8221;5996&#8243; img_size=&#8221;350&#215;100&#8243; alignment=&#8221;center&#8221;][vc_row_inner][vc_column_inner][vc_column_text]L&#8217;últim canal que s&#8217;ha unit a l&#8217;estratègia de comunicació del Col·legi és <strong>Mediario TV</strong>, que va néixer en paral·lel a primera Setmana Mundial Digital de la història, al novembre de 2020. En aquella ocasió, la pandèmia ens va obligar a replantejar la manera en la qual se celebra l&#8217;esdeveniment més important dels que organitza el Col·legi cada any. <strong>Mediario TV</strong> va ser el portal web en el qual els participants en la Setmana Mundial van poder seguir en directe o, més tard, en diferit, tota la proposta de continguts que va incloure una sèrie de TV de cinc capítols de producció pròpia que gira al voltant de les peripècies d&#8217;una família de mediadors.</p>
<p><a href="http://mediario.tv"><strong>Mediario TV</strong></a> és el mitjà del Col·legi en el qual es distribueixen tots els continguts en format audiovisual. Aquesta web també inclou l&#8217;accés a la formació, en directe o en diferit, que es desenvolupa des del Col·legi i la Fundació Auditorium.[/vc_column_text][vc_btn title=&#8221;Accedir a Mediario.tv&#8221; color=&#8221;blue&#8221; align=&#8221;center&#8221; link=&#8221;url:http%3A%2F%2Fmediario.tv&#8221;][/vc_column_inner][/vc_row_inner][/vc_column][/vc_row]</p>
</div>

<p>[vc_row][vc_column][vc_single_image image=&#8221;5996&#8243; img_size=&#8221;350&#215;100&#8243; alignment=&#8221;center&#8221;][vc_row_inner][vc_column_inner][vc_column_text]L&#8217;últim canal que s&#8217;ha unit a l&#8217;estratègia de comunicació del Col·legi és Mediario TV, que va néixer en paral·lel a primera Setmana Mundial Digital de la història, al novembre de 2020. En aquella ocasió, la pandèmia ens va obligar a replantejar la manera en la qual se celebra l&#8217;esdeveniment més important dels</p>

<!-- This site is optimized with the Yoast SEO plugin v27.5 - https://yoast.com/product/yoast-seo-wordpress/ -->
<title>Mediario Tv - Col-legi de Mediadors d&#039;Assegurances de Barcelona</title>
<meta name="robots" content="index, follow, max-snippet:-1, max-image-preview:large, max-video-preview:-1" />
<link rel="canonical" href="https://www.elcol-legi.org/w/mediario-tv/" />
<meta property="og:locale" content="ca_ES" />
<meta property="og:type" content="article" />
<meta property="og:title" content="Mediario Tv - Col-legi de Mediadors d&#039;Assegurances de Barcelona" />
<meta property="og:description" content="[vc_row][vc_column][vc_single_image image=&#8221;5996&#8243; img_size=&#8221;350&#215;100&#8243; alignment=&#8221;center&#8221;][vc_row_inner][vc_column_inner][vc_column_text]L&#8217;últim canal que s&#8217;ha unit a l&#8217;estratègia de comunicació del Col·legi és Mediario TV, que va néixer en paral·lel a primera Setmana Mundial Digital de la història, al novembre de 2020. En aquella ocasió, la pandèmia ens va obligar a replantejar la manera en la qual se celebra l&#8217;esdeveniment més important dels" />
<meta property="og:url" content="https://www.elcol-legi.org/w/mediario-tv/" />
<meta property="og:site_name" content="Col-legi de Mediadors d&#039;Assegurances de Barcelona" />
<meta property="article:modified_time" content="2021-07-01T15:12:11+00:00" />
<meta name="twitter:card" content="summary_large_image" />
<meta name="twitter:label1" content="Temps estimat de lectura" />
	<meta name="twitter:data1" content="1 minut" />
<script type="application/ld+json" class="yoast-schema-graph">{"@context":"https:\/\/schema.org","@graph":[{"@type":"WebPage","@id":"https:\/\/www.elcol-legi.org\/w\/mediario-tv\/","url":"https:\/\/www.elcol-legi.org\/w\/mediario-tv\/","name":"Mediario Tv - Col-legi de Mediadors d&#039;Assegurances de Barcelona","isPartOf":{"@id":"https:\/\/www.elcol-legi.org\/w\/#website"},"datePublished":"2021-04-16T10:17:14+00:00","dateModified":"2021-07-01T15:12:11+00:00","breadcrumb":{"@id":"https:\/\/www.elcol-legi.org\/w\/mediario-tv\/#breadcrumb"},"inLanguage":"ca","potentialAction":[{"@type":"ReadAction","target":["https:\/\/www.elcol-legi.org\/w\/mediario-tv\/"]}]},{"@type":"BreadcrumbList","@id":"https:\/\/www.elcol-legi.org\/w\/mediario-tv\/#breadcrumb","itemListElement":[{"@type":"ListItem","position":1,"name":"Inici","item":"https:\/\/www.elcol-legi.org\/w\/"},{"@type":"ListItem","position":2,"name":"Mediario Tv"}]},{"@type":"WebSite","@id":"https:\/\/www.elcol-legi.org\/w\/#website","url":"https:\/\/www.elcol-legi.org\/w\/","name":"Col-legi de Mediadors d&#039;Assegurances de Barcelona","description":"Support al mediador d&#039;assegurances","potentialAction":[{"@type":"SearchAction","target":{"@type":"EntryPoint","urlTemplate":"https:\/\/www.elcol-legi.org\/w\/?s={search_term_string}"},"query-input":{"@type":"PropertyValueSpecification","valueRequired":true,"valueName":"search_term_string"}}],"inLanguage":"ca"}]}</script>
<!-- / Yoast SEO plugin. -->

[vc_row][vc_column][vc_single_image image=&#8221;5996&#8243; img_size=&#8221;350&#215;100&#8243; alignment=&#8221;center&#8221;][vc_row_inner][vc_column_inner][vc_column_text]L&#8217;últim canal que s&#8217;ha unit a l&#8217;estratègia de comunicació del Col·legi és Mediario TV, que va néixer en paral·lel a primera Setmana Mundial Digital de la història, al novembre de 2020. En aquella ocasió, la pandèmia ens va obligar a replantejar la manera en la qual se celebra l&#8217;esdeveniment més important dels
