{"id":3728,"date":"2021-04-16T15:48:50","date_gmt":"2021-04-16T13:48:50","guid":{"rendered":"https:\/\/elcol-legi.org\/w\/?page_id=3728"},"modified":"2021-05-31T17:44:44","modified_gmt":"2021-05-31T15:44:44","slug":"consumidor","status":"publish","type":"page","link":"https:\/\/www.elcol-legi.org\/w\/consumidor\/","title":{"rendered":"Consumidor"},"content":{"rendered":"<div class=\"wpb-content-wrapper\"><p>[vc_section content_placement=&#8221;middle&#8221;][vc_row][vc_column][vc_empty_space height=&#8221;102px&#8221;][\/vc_column][\/vc_row][vc_row equal_height=&#8221;yes&#8221; content_placement=&#8221;middle&#8221;][vc_column width=&#8221;2\/3&#8243;][vc_hoverbox image=&#8221;4924&#8243; primary_title=&#8221;&#8221; hover_title=&#8221;CONSUMIDOR&#8221;]Els mediadors d&#8217;assegurances mantenen una relaci\u00f3 estreta amb els seus clients, als quals assessoren en aspectes que s\u00f3n essencials en la seva vida i, especialment, sobre el seu futur. Des del Col\u00b7legi volem contribuir a posar els assegurats en el centre de les activitats de la mediaci\u00f3 d&#8217;assegurances. A el marge d&#8217;habilitar mecanismes perqu\u00e8 els usuaris puguin vehicular les seves queixes i desencontres amb la mediaci\u00f3, el nostre objectiu \u00e9s contribuir a la divulgaci\u00f3 de la cultura asseguradora.[\/vc_hoverbox][\/vc_column][vc_column width=&#8221;1\/3&#8243; css=&#8221;.vc_custom_1621360357537{background-color: #1b3b72 !important;}&#8221;][vc_hoverbox image=&#8221;5246&#8243; primary_title=&#8221;&#8221; hover_title=&#8221;&#8221;]1- Som especialistes en assegurances<br \/>\n2- T&#8217;oferim un tracte personalitzat<br \/>\n3- Tindr\u00e0s l&#8217;asseguran\u00e7a que necessites, ni m\u00e9s ni menys<br \/>\n4- No et costar\u00e0 m\u00e9s diners i estar\u00e0s ben assessorat<br \/>\n5- Estem sempre al teu costat quan ens necessites[\/vc_hoverbox][\/vc_column][\/vc_row][vc_row][vc_column][vc_empty_space height=&#8221;102px&#8221;][\/vc_column][\/vc_row][\/vc_section][vc_section][vc_row][vc_column][vc_custom_heading icon=&#8221;stm-glob-man-user&#8221; icon_size=&#8221;90&#8243; text=&#8221;Per a qu\u00e8 serveix un mediador?&#8221; use_theme_fonts=&#8221;yes&#8221;][\/vc_column][\/vc_row][\/vc_section][vc_section full_width=&#8221;stretch_row&#8221; full_height=&#8221;yes&#8221; content_placement=&#8221;middle&#8221;][vc_row full_width=&#8221;stretch_row_content&#8221; full_height=&#8221;yes&#8221; equal_height=&#8221;yes&#8221; video_bg=&#8221;yes&#8221; video_bg_url=&#8221;https:\/\/www.youtube.com\/watch?v=AOALBTm1rvw&#8221;][vc_column][\/vc_column][\/vc_row][\/vc_section][vc_section full_width=&#8221;stretch_row&#8221; content_placement=&#8221;middle&#8221; css=&#8221;.vc_custom_1621363164251{background-color: #f7f7f7 !important;}&#8221;][vc_row equal_height=&#8221;yes&#8221;][vc_column width=&#8221;1\/2&#8243;][vc_custom_heading text=&#8221;Per a qu\u00e8 serveix un mediador?&#8221;][vc_single_image image=&#8221;5238&#8243; img_size=&#8221;full&#8221; alignment=&#8221;center&#8221;][vc_column_text]El Col\u00b7legi va llan\u00e7ar aquesta campanya multicanal per donar a con\u00e8ixer les figures de l&#8217;agent i de corredor, tots dos mediadors d&#8217;assegurances, en plena pand\u00e8mia i reivindicar el valor que aporten als assegurats. En 2021, aquesta acci\u00f3 promocional torna a primer pla amb una proposta encara m\u00e9s ambiciosa i la pres\u00e8ncia tant en els canals propis com en mitjans de comunicaci\u00f3 l\u00edders d&#8217;audi\u00e8ncia i de gran prestigi.[\/vc_column_text][\/vc_column][vc_column width=&#8221;1\/2&#8243;][vc_custom_heading text=&#8221;El comprom\u00eds dels mediadors&#8221;][vc_single_image image=&#8221;5241&#8243; img_size=&#8221;full&#8221; alignment=&#8221;center&#8221;][vc_column_text]El principal compromis d&#8217;un mediador d&#8217;assegurances es garantir la tranquilitat del seu client. L&#8217;asseguran\u00e7a es un intangible, que aporta certesa davant dels imprevistos i que ha de respondre sense demora en cas de sinistre. Els agents i corredors tenim molt la clara aquesta missi\u00f3 i la necessitar d&#8217;estar sempre molt propers al client aportant assessorament professional i confian\u00e7a.[\/vc_column_text][\/vc_column][\/vc_row][\/vc_section][vc_section][vc_row][vc_column width=&#8221;1\/3&#8243;][vc_custom_heading text=&#8221;Que aporta l&#8217;asseguran\u00e7a a la societat?&#8221;][stm_icon_box hide_title_line=&#8221;hide_title_line&#8221; icon=&#8221;stm-glob-workers&#8221; icon_size=&#8221;50&#8243; icon_color=&#8221;secondary&#8221; icon_bg_color=&#8221;custom&#8221; icon_height=&#8221;50&#8243; title=&#8221;Un sector que genera llocs de treball estables&#8221;]El sector assegurador \u00e9s un dels pilars de la nostra economia. Destaca per si solidesa que s&#8217;ha posat de manifest en les situacions de crisi. Mai hem necessitat un rescat ni ajudes financeres per complir amb els nostres compromisos i exig\u00e8ncies legals. A m\u00e9s, hem estat capa\u00e7os de generar llocs de treball estables i amb nivells de remuneraci\u00f3 superiors a la mitjana. Ni tan sols durant el m\u00e9s dur de la pand\u00e8mia, s&#8217;han produ\u00eft acomiadaments ni mesures excepcionals com els ERTES.[\/stm_icon_box][\/vc_column][vc_column width=&#8221;1\/3&#8243;][vc_custom_heading text=&#8221;Saps que cobreix l&#8217;asseguran\u00e7a de comer\u00e7?&#8221;][stm_icon_box hide_title_line=&#8221;hide_title_line&#8221; icon=&#8221;stm-metals&#8221; icon_size=&#8221;50&#8243; icon_color=&#8221;secondary&#8221; icon_bg_color=&#8221;custom&#8221; icon_height=&#8221;50&#8243; title=&#8221;T&#8217;expliquem quan s&#8217;indemnitza per tancament&#8221;]En aquest v\u00eddeo elaborat pel Col\u00b7legi, aclarim una q\u00fcesti\u00f3 que molts comerciants i restauradors s&#8217;han formulat al llarg dels \u00faltims mesos: \u00bfEn quina circumst\u00e0ncia em indemnitzar\u00e0 l&#8217;asseguran\u00e7a per tancament de negoci? Per oferir una resposta solvent i contractada, hem recorregut a Dr. Jos\u00e9 Luis Fern\u00e1ndez, advocat especialista en assegurances i assessor de l&#8217;Col\u00b7legi. La seva resposta es basa en el coneixement de la legislaci\u00f3 vigent i dels productes asseguradors.[\/stm_icon_box][\/vc_column][vc_column width=&#8221;1\/3&#8243;][vc_custom_heading text=&#8221;Vols con\u00e8ixer quins s\u00f3n els teus<br \/>\ndrets?&#8221;][stm_icon_box hide_title_line=&#8221;hide_title_line&#8221; icon=&#8221;stm-delhi-heands&#8221; icon_size=&#8221;50&#8243; icon_color=&#8221;secondary&#8221; icon_bg_color=&#8221;custom&#8221; icon_height=&#8221;50&#8243; title=&#8221;T&#8217;expliquem com pots reclamar&#8221;]El sector assegurador est\u00e0 regulat de manera exhaustiva i, a m\u00e9s, presumeix de comptar tamb\u00e9 amb mesures d&#8217;RSE que garanteixen el compliment d&#8217;un codi de bones pr\u00e0ctiques exigent i amb tot tipus de comprom\u00eds amb els drets dels assegurats. Amb tot, el Col\u00b7legi posa a la teva disposici\u00f3 mecanismes perqu\u00e8 puguis exercir els teus drets si en algun moment com assegurat sents que s&#8217;estan vulnerant els teus drets.[\/stm_icon_box][\/vc_column][\/vc_row][vc_row][vc_column][vc_empty_space height=&#8221;80px&#8221;][\/vc_column][\/vc_row][\/vc_section][vc_row][vc_column][stm_sidebar sidebar=&#8221;3965&#8243;][\/vc_column][\/vc_row]<\/p>\n<\/div>","protected":false},"excerpt":{"rendered":"<p>[vc_section content_placement=&#8221;middle&#8221;][vc_row][vc_column][vc_empty_space height=&#8221;102px&#8221;][\/vc_column][\/vc_row][vc_row equal_height=&#8221;yes&#8221; content_placement=&#8221;middle&#8221;][vc_column width=&#8221;2\/3&#8243;][vc_hoverbox image=&#8221;4924&#8243; primary_title=&#8221;&#8221; hover_title=&#8221;CONSUMIDOR&#8221;]Els mediadors d&#8217;assegurances mantenen una relaci\u00f3 estreta amb els seus clients, als quals assessoren en aspectes que s\u00f3n essencials en la seva vida i, especialment, sobre el seu futur. Des del Col\u00b7legi volem contribuir a posar els assegurats en el centre de les activitats de la mediaci\u00f3<\/p>\n","protected":false},"author":4,"featured_media":0,"parent":0,"menu_order":0,"comment_status":"closed","ping_status":"closed","template":"","meta":{"footnotes":""},"class_list":["post-3728","page","type-page","status-publish","hentry"],"yoast_head":"<!-- This site is optimized with the Yoast SEO plugin v27.4 - https:\/\/yoast.com\/product\/yoast-seo-wordpress\/ -->\n<title>Consumidor - Col-legi de Mediadors d&#039;Assegurances de Barcelona<\/title>\n<meta name=\"robots\" content=\"index, follow, max-snippet:-1, max-image-preview:large, max-video-preview:-1\" \/>\n<link rel=\"canonical\" href=\"https:\/\/www.elcol-legi.org\/w\/consumidor\/\" \/>\n<meta property=\"og:locale\" content=\"ca_ES\" \/>\n<meta property=\"og:type\" content=\"article\" \/>\n<meta property=\"og:title\" content=\"Consumidor - Col-legi de Mediadors d&#039;Assegurances de Barcelona\" \/>\n<meta property=\"og:description\" content=\"[vc_section content_placement=&#8221;middle&#8221;][vc_row][vc_column][vc_empty_space height=&#8221;102px&#8221;][\/vc_column][\/vc_row][vc_row equal_height=&#8221;yes&#8221; content_placement=&#8221;middle&#8221;][vc_column width=&#8221;2\/3&#8243;][vc_hoverbox image=&#8221;4924&#8243; primary_title=&#8221;&#8221; hover_title=&#8221;CONSUMIDOR&#8221;]Els mediadors d&#8217;assegurances mantenen una relaci\u00f3 estreta amb els seus clients, als quals assessoren en aspectes que s\u00f3n essencials en la seva vida i, especialment, sobre el seu futur. Des del Col\u00b7legi volem contribuir a posar els assegurats en el centre de les activitats de la mediaci\u00f3\" \/>\n<meta property=\"og:url\" content=\"https:\/\/www.elcol-legi.org\/w\/consumidor\/\" \/>\n<meta property=\"og:site_name\" content=\"Col-legi de Mediadors d&#039;Assegurances de Barcelona\" \/>\n<meta property=\"article:modified_time\" content=\"2021-05-31T15:44:44+00:00\" \/>\n<meta name=\"twitter:card\" content=\"summary_large_image\" \/>\n<meta name=\"twitter:label1\" content=\"Temps estimat de lectura\" \/>\n\t<meta name=\"twitter:data1\" content=\"5 minuts\" \/>\n<script type=\"application\/ld+json\" class=\"yoast-schema-graph\">{\"@context\":\"https:\\\/\\\/schema.org\",\"@graph\":[{\"@type\":\"WebPage\",\"@id\":\"https:\\\/\\\/www.elcol-legi.org\\\/w\\\/consumidor\\\/\",\"url\":\"https:\\\/\\\/www.elcol-legi.org\\\/w\\\/consumidor\\\/\",\"name\":\"Consumidor - Col-legi de Mediadors d&#039;Assegurances de Barcelona\",\"isPartOf\":{\"@id\":\"https:\\\/\\\/www.elcol-legi.org\\\/w\\\/#website\"},\"datePublished\":\"2021-04-16T13:48:50+00:00\",\"dateModified\":\"2021-05-31T15:44:44+00:00\",\"breadcrumb\":{\"@id\":\"https:\\\/\\\/www.elcol-legi.org\\\/w\\\/consumidor\\\/#breadcrumb\"},\"inLanguage\":\"ca\",\"potentialAction\":[{\"@type\":\"ReadAction\",\"target\":[\"https:\\\/\\\/www.elcol-legi.org\\\/w\\\/consumidor\\\/\"]}]},{\"@type\":\"BreadcrumbList\",\"@id\":\"https:\\\/\\\/www.elcol-legi.org\\\/w\\\/consumidor\\\/#breadcrumb\",\"itemListElement\":[{\"@type\":\"ListItem\",\"position\":1,\"name\":\"Inici\",\"item\":\"https:\\\/\\\/www.elcol-legi.org\\\/w\\\/\"},{\"@type\":\"ListItem\",\"position\":2,\"name\":\"Consumidor\"}]},{\"@type\":\"WebSite\",\"@id\":\"https:\\\/\\\/www.elcol-legi.org\\\/w\\\/#website\",\"url\":\"https:\\\/\\\/www.elcol-legi.org\\\/w\\\/\",\"name\":\"Col-legi de Mediadors d&#039;Assegurances de Barcelona\",\"description\":\"Support al mediador d&#039;assegurances\",\"potentialAction\":[{\"@type\":\"SearchAction\",\"target\":{\"@type\":\"EntryPoint\",\"urlTemplate\":\"https:\\\/\\\/www.elcol-legi.org\\\/w\\\/?s={search_term_string}\"},\"query-input\":{\"@type\":\"PropertyValueSpecification\",\"valueRequired\":true,\"valueName\":\"search_term_string\"}}],\"inLanguage\":\"ca\"}]}<\/script>\n<!-- \/ Yoast SEO plugin. -->","yoast_head_json":{"title":"Consumidor - Col-legi de Mediadors d&#039;Assegurances de Barcelona","robots":{"index":"index","follow":"follow","max-snippet":"max-snippet:-1","max-image-preview":"max-image-preview:large","max-video-preview":"max-video-preview:-1"},"canonical":"https:\/\/www.elcol-legi.org\/w\/consumidor\/","og_locale":"ca_ES","og_type":"article","og_title":"Consumidor - Col-legi de Mediadors d&#039;Assegurances de Barcelona","og_description":"[vc_section content_placement=&#8221;middle&#8221;][vc_row][vc_column][vc_empty_space height=&#8221;102px&#8221;][\/vc_column][\/vc_row][vc_row equal_height=&#8221;yes&#8221; content_placement=&#8221;middle&#8221;][vc_column width=&#8221;2\/3&#8243;][vc_hoverbox image=&#8221;4924&#8243; primary_title=&#8221;&#8221; hover_title=&#8221;CONSUMIDOR&#8221;]Els mediadors d&#8217;assegurances mantenen una relaci\u00f3 estreta amb els seus clients, als quals assessoren en aspectes que s\u00f3n essencials en la seva vida i, especialment, sobre el seu futur. Des del Col\u00b7legi volem contribuir a posar els assegurats en el centre de les activitats de la mediaci\u00f3","og_url":"https:\/\/www.elcol-legi.org\/w\/consumidor\/","og_site_name":"Col-legi de Mediadors d&#039;Assegurances de Barcelona","article_modified_time":"2021-05-31T15:44:44+00:00","twitter_card":"summary_large_image","twitter_misc":{"Temps estimat de lectura":"5 minuts"},"schema":{"@context":"https:\/\/schema.org","@graph":[{"@type":"WebPage","@id":"https:\/\/www.elcol-legi.org\/w\/consumidor\/","url":"https:\/\/www.elcol-legi.org\/w\/consumidor\/","name":"Consumidor - Col-legi de Mediadors d&#039;Assegurances de Barcelona","isPartOf":{"@id":"https:\/\/www.elcol-legi.org\/w\/#website"},"datePublished":"2021-04-16T13:48:50+00:00","dateModified":"2021-05-31T15:44:44+00:00","breadcrumb":{"@id":"https:\/\/www.elcol-legi.org\/w\/consumidor\/#breadcrumb"},"inLanguage":"ca","potentialAction":[{"@type":"ReadAction","target":["https:\/\/www.elcol-legi.org\/w\/consumidor\/"]}]},{"@type":"BreadcrumbList","@id":"https:\/\/www.elcol-legi.org\/w\/consumidor\/#breadcrumb","itemListElement":[{"@type":"ListItem","position":1,"name":"Inici","item":"https:\/\/www.elcol-legi.org\/w\/"},{"@type":"ListItem","position":2,"name":"Consumidor"}]},{"@type":"WebSite","@id":"https:\/\/www.elcol-legi.org\/w\/#website","url":"https:\/\/www.elcol-legi.org\/w\/","name":"Col-legi de Mediadors d&#039;Assegurances de Barcelona","description":"Support al mediador d&#039;assegurances","potentialAction":[{"@type":"SearchAction","target":{"@type":"EntryPoint","urlTemplate":"https:\/\/www.elcol-legi.org\/w\/?s={search_term_string}"},"query-input":{"@type":"PropertyValueSpecification","valueRequired":true,"valueName":"search_term_string"}}],"inLanguage":"ca"}]}},"_links":{"self":[{"href":"https:\/\/www.elcol-legi.org\/w\/wp-json\/wp\/v2\/pages\/3728","targetHints":{"allow":["GET"]}}],"collection":[{"href":"https:\/\/www.elcol-legi.org\/w\/wp-json\/wp\/v2\/pages"}],"about":[{"href":"https:\/\/www.elcol-legi.org\/w\/wp-json\/wp\/v2\/types\/page"}],"author":[{"embeddable":true,"href":"https:\/\/www.elcol-legi.org\/w\/wp-json\/wp\/v2\/users\/4"}],"replies":[{"embeddable":true,"href":"https:\/\/www.elcol-legi.org\/w\/wp-json\/wp\/v2\/comments?post=3728"}],"version-history":[{"count":43,"href":"https:\/\/www.elcol-legi.org\/w\/wp-json\/wp\/v2\/pages\/3728\/revisions"}],"predecessor-version":[{"id":5251,"href":"https:\/\/www.elcol-legi.org\/w\/wp-json\/wp\/v2\/pages\/3728\/revisions\/5251"}],"wp:attachment":[{"href":"https:\/\/www.elcol-legi.org\/w\/wp-json\/wp\/v2\/media?parent=3728"}],"curies":[{"name":"wp","href":"https:\/\/api.w.org\/{rel}","templated":true}]}}