{"id":5525,"date":"2021-06-16T16:17:02","date_gmt":"2021-06-16T14:17:02","guid":{"rendered":"https:\/\/elcol-legi.org\/w\/?page_id=5525"},"modified":"2026-01-29T18:59:09","modified_gmt":"2026-01-29T16:59:09","slug":"collegiat","status":"publish","type":"page","link":"https:\/\/www.elcol-legi.org\/w\/collegiat\/","title":{"rendered":"Col\u00b7legia&#8217;t!!!"},"content":{"rendered":"<div class=\"wpb-content-wrapper\"><p>[vc_row][vc_column][vc_column_text]<\/p>\n<h4>Selecciona la opci\u00f3 per veure els requisits per Col\u00b7legiar-te!<\/h4>\n<p>[\/vc_column_text][stm_spacing lg_spacing=&#8221;15&#8243; md_spacing=&#8221;15&#8243; sm_spacing=&#8221;15&#8243; xs_spacing=&#8221;15&#8243;][\/vc_column][\/vc_row][vc_row][vc_column][vc_tta_tour color=&#8221;blue&#8221; active_section=&#8221;&#8221;][vc_tta_section title=&#8221;Agent Exclusiu Persona F\u00edsica&#8221; tab_id=&#8221;1769523330516-ac58386e-2a80&#8243;][vc_column_text css=&#8221;&#8221;]<strong>El col\u00b7legiat \u00e9s la persona f\u00edsica, inscrita en el registre de la Direcci\u00f3n General de Seguros, com a agent exclusiu, nom\u00e9s treballa per una companyia.<\/strong>[\/vc_column_text][vc_column_text css_animation=&#8221;fadeInLeft&#8221;]<\/p>\n<h4>Requisits d&#8217;inscripci\u00f3<\/h4>\n<p>1.- Complimentar la sol\u00b7licitud d\u2019inscripci\u00f3 en el Col\u00b7legi.<\/p>\n<p>2.- Fotoc\u00f2pia del D.N.I.<\/p>\n<p>3.- Una fotografia mida carnet en format jpg per a poder fer el carnet col\u00b7legial.[\/vc_column_text][vc_column_text css_animation=&#8221;fadeInLeft&#8221; css=&#8221;&#8221;]<\/p>\n<h4>Preu<\/h4>\n<p>Drets d&#8217;entrada: 150 \u20ac<\/p>\n<p>Quota Semestral : 258,47 \u20ac[\/vc_column_text][\/vc_tta_section][vc_tta_section title=&#8221;Agent Exclusiu Persona Jur\u00eddica&#8221; tab_id=&#8221;1624363641577-fde2290e-a7f4&#8243;][vc_column_text css=&#8221;&#8221;]<strong>El col\u00b7legiat \u00e9s la persona f\u00edsica, que constitueix una societat, inscrita en el registre de la Direcci\u00f3n General de Seguros, com a ag\u00e8ncia exclusiva, nom\u00e9s treballa per una companyia.<\/strong>[\/vc_column_text][vc_column_text css_animation=&#8221;fadeInLeft&#8221;]<\/p>\n<h4>Requisits d&#8217;inscripci\u00f3<\/h4>\n<p>1.- Complimentar la sol\u00b7licitud d\u2019inscripci\u00f3 en el Col\u00b7legi.<\/p>\n<p>2.- Fotoc\u00f2pia del D.N.I.<\/p>\n<p>3.- Una fotografia mida carnet en format jpg per a poder fer el carnet col\u00b7legial.<\/p>\n<p>4.- Fotocopia de l\u2019escriptura de Constituci\u00f3 de la Societat, degudament inscrita en el Registre Mercantil (Per les 2 cares)[\/vc_column_text][vc_column_text css_animation=&#8221;fadeInLeft&#8221; css=&#8221;&#8221;]<\/p>\n<h4>Preu<\/h4>\n<p>Drets d&#8217;entrada: 150 \u20ac<\/p>\n<p>Quota Semestral : 258,47 \u20ac[\/vc_column_text][\/vc_tta_section][vc_tta_section title=&#8221;Agent Vinculat Persona F\u00edsica&#8221; tab_id=&#8221;1624363640390-78d3b51f-e1ee&#8221;][vc_column_text css=&#8221;&#8221;]<strong>El col\u00b7legiat \u00e9s la persona f\u00edsica que disposa del t\u00edtol de Nivell 2 i disposa de l\u2019autoritzaci\u00f3 per exercir com a agent d\u2019assegurances vinculat.<\/strong>[\/vc_column_text][vc_column_text css_animation=&#8221;fadeInLeft&#8221;]<\/p>\n<h4>Requisits d&#8217;inscripci\u00f3<\/h4>\n<p>1.- Inscripci\u00f3 en el Registre de Mediadors corresponent.<\/p>\n<p>2.- Complimentar la sol\u00b7licitud d\u2019inscripci\u00f3 en el Col\u00b7legi.<\/p>\n<p>3.- Fotoc\u00f2pia del D.N.I.<\/p>\n<p>4.- Una fotografia mida carnet en format jpg per a poder fer el carnet col\u00b7legial.<\/p>\n<p>5.- C\u00f2pia certificaci\u00f3 nivell I (t\u00edtol mediador\/Grup A).[\/vc_column_text][vc_column_text css_animation=&#8221;fadeInLeft&#8221; css=&#8221;&#8221;]<\/p>\n<h4>Preu<\/h4>\n<p>Drets d&#8217;entrada: 150 \u20ac<\/p>\n<p>Quota Semestral : 322,28 \u20ac[\/vc_column_text][\/vc_tta_section][vc_tta_section title=&#8221;Agent Vinculat Persona Jur\u00eddica&#8221; tab_id=&#8221;1624363638869-fef8e7ab-72e9&#8243;][vc_column_text css=&#8221;&#8221;]<strong>El col\u00b7legiat \u00e9s la persona f\u00edsica, que disposa del t\u00edtol de Nivell 2 i disposa de l\u2019autoritzaci\u00f3 per exercir com a ag\u00e8ncia d\u2019assegurances vinculada.<\/strong>[\/vc_column_text][vc_column_text css_animation=&#8221;fadeInLeft&#8221;]<\/p>\n<h4>Requisits d&#8217;entrada<\/h4>\n<p>1.- Inscripci\u00f3 en el Registre de Mediadors corresponent.<\/p>\n<p>2.- Complimentar la sol\u00b7licitud d\u2019inscripci\u00f3 en el Col\u00b7legi.<\/p>\n<p>3.- Fotocopia del D.N.I.<\/p>\n<p>4.- Una fotografia mida carnet en format jpg per a poder fer el carnet col\u00b7legial.<\/p>\n<p>5.- C\u00f2pia certificaci\u00f3 nivell I (t\u00edtol mediador\/Grup A).<\/p>\n<p>6.- \u00a0Fotoc\u00f2pia de l\u2019escriptura de Constituci\u00f3 de la Societat, degudament inscrita en el Registre Mercantil (Per les 2 cares)[\/vc_column_text][vc_column_text css_animation=&#8221;fadeInLeft&#8221; css=&#8221;&#8221;]<\/p>\n<h4>Preu<\/h4>\n<p>Drets d&#8217;entrada: 150 \u20ac<\/p>\n<p>Quota Semestral : 366,14 \u20ac[\/vc_column_text][\/vc_tta_section][vc_tta_section title=&#8221;Corredor Persona F\u00edsica&#8221; tab_id=&#8221;1625061691988-43838b11-a65a&#8221;][vc_column_text css=&#8221;&#8221;]<strong>El col\u00b7legiat \u00e9s la persona f\u00edsica que disposa del t\u00edtol de mediador i disposa de l\u2019autoritzaci\u00f3 per exercir com a corredor d\u2019assegurances<\/strong><\/p>\n<p>[\/vc_column_text][vc_column_text css_animation=&#8221;fadeInLeft&#8221;]<\/p>\n<h4>Requisits d&#8217;entrada<\/h4>\n<p>1.- Inscripci\u00f3 en el Registre de Mediadors corresponent.<\/p>\n<p>2.- Complimentar la sol\u00b7licitud d\u2019inscripci\u00f3 en el Col\u00b7legi.<\/p>\n<p>3.-Fotoc\u00f2pia del D.N.I.<\/p>\n<p>4.- Una fotografia mida carnet en format jpg per a poder fer el carnet col\u00b7legial.<\/p>\n<p>5.- C\u00f2pia certificaci\u00f3 nivell I (t\u00edtol mediador\/Grup A).[\/vc_column_text][vc_column_text css_animation=&#8221;fadeInLeft&#8221; css=&#8221;&#8221;]<\/p>\n<h4>Preu<\/h4>\n<p>Drets d&#8217;entrada: 150 \u20ac<\/p>\n<p>Quota Semestral : 322,28 \u20ac[\/vc_column_text][\/vc_tta_section][vc_tta_section title=&#8221;Corredor Persona Jur\u00eddica&#8221; tab_id=&#8221;1625061760141-6f5926e9-23cd&#8221;][vc_column_text css=&#8221;&#8221;]<strong>El Col\u00b7legiat \u00e9s la persona f\u00edsica, en disposici\u00f3 del t\u00edtol de Mediador, que constitueix una societat i que disposa de l\u2019autoritzaci\u00f3 per exercir com a corredoria d\u2019assegurances.<br \/>\n<\/strong><\/p>\n<p>[\/vc_column_text][vc_column_text css_animation=&#8221;fadeInLeft&#8221;]<\/p>\n<h4>Requisits d&#8217;entrada<\/h4>\n<p>1.- Inscripci\u00f3 en el Registre de Mediadors corresponent.<\/p>\n<p>2.- Complimentar la sol\u00b7licitud d\u2019inscripci\u00f3 en el Col\u00b7legi.<\/p>\n<p>3.- Fotoc\u00f2pia del D.N.I.<\/p>\n<p>4.- Una fotografia mida carnet en format jpg per a poder fer el carnet col\u00b7legial.<\/p>\n<p>5.- C\u00f2pia certificaci\u00f3 nivell I (t\u00edtol mediador\/Grup A).<\/p>\n<p>6.- Fotoc\u00f2pia de l\u2019escriptura de Constituci\u00f3 de la Societat, degudament inscrita en el Registre Mercantil (Per les 2 cares)[\/vc_column_text][vc_column_text css_animation=&#8221;fadeInLeft&#8221; css=&#8221;&#8221;]<\/p>\n<h4>Preu<\/h4>\n<p>Drets d&#8217;entrada: 150 \u20ac<\/p>\n<p>Quota Semestral : 366,14 \u20ac[\/vc_column_text][\/vc_tta_section][vc_tta_section title=&#8221;No Exercent&#8221; tab_id=&#8221;1625061857287-9a1491ba-39a7&#8243;][vc_column_text css=&#8221;&#8221;]<strong>El col\u00b7legiat \u00e9s la persona f\u00edsica que actualment no exerceix la professi\u00f3, per\u00f2 que vol estar al dia, del sector assegurador.<\/strong><\/p>\n<p>[\/vc_column_text][vc_column_text css_animation=&#8221;fadeInLeft&#8221;]<\/p>\n<h4>Requisits d&#8217;entrada<\/h4>\n<p>1.- Complimentar la sol\u00b7licitud d\u2019inscripci\u00f3 en el Col\u00b7legi.<\/p>\n<p>2.- Fotoc\u00f2pia del D.N.I.<\/p>\n<p>3.- Una fotografia mida carnet en format jpg per a poder fer el carnet col\u00b7legial.[\/vc_column_text][vc_column_text css_animation=&#8221;fadeInLeft&#8221; css=&#8221;&#8221;]<\/p>\n<h4>Preu<\/h4>\n<p>Drets d&#8217;entrada: 150 \u20ac<\/p>\n<p>Quota Semestral : 119,39 \u20ac[\/vc_column_text][\/vc_tta_section][vc_tta_section title=&#8221;2a Col\u00b7legiaci\u00f3&#8221; tab_id=&#8221;1769523301581-131dcee2-dc87&#8243;][vc_column_text css=&#8221;&#8221;]<strong>Categoria destinada a col\u00b7legiats\/des que deixen d\u2019exercir com a persones f\u00edsiques o jur\u00eddiques independents, per\u00f2 volen mantenir el vincle professional i institucional amb el Col\u00b7legi. <\/strong>[\/vc_column_text][vc_column_text css_animation=&#8221;fadeInLeft&#8221;]<\/p>\n<h4>Requisits d&#8217;entrada<\/h4>\n<p>1.- Complimentar la sol\u00b7licitud d\u2019inscripci\u00f3 en el Col\u00b7legi.<\/p>\n<p>2.- Fotoc\u00f2pia del D.N.I.<\/p>\n<p>3.- Una fotografia mida carnet en format jpg per a poder fer el carnet col\u00b7legial.[\/vc_column_text][vc_column_text css_animation=&#8221;fadeInLeft&#8221; css=&#8221;&#8221;]<\/p>\n<h4>Preu<\/h4>\n<p>Drets d&#8217;entrada: 150 \u20ac<\/p>\n<p>Quota Semestral : 119,39 \u20ac[\/vc_column_text][\/vc_tta_section][vc_tta_section title=&#8221;Emprenedor&#8221; tab_id=&#8221;1769523301260-3114ce11-7382&#8243;][vc_column_text css=&#8221;&#8221;]<strong>Categoria per a persones que ja tenen la titulaci\u00f3 i es col\u00b7legien per tramitar l\u2019autoritzaci\u00f3 com a corredor\/a o agent vinculat\/da.<\/strong>[\/vc_column_text][vc_column_text css_animation=&#8221;fadeInLeft&#8221;]<\/p>\n<h4>Requisits d&#8217;entrada<\/h4>\n<p>1.- Complimentar la sol\u00b7licitud d\u2019inscripci\u00f3 en el Col\u00b7legi.<\/p>\n<p>2.- Fotoc\u00f2pia del D.N.I.<\/p>\n<p>3.- Una fotografia mida carnet en format jpg per a poder fer el carnet col\u00b7legial.[\/vc_column_text][vc_column_text css_animation=&#8221;fadeInLeft&#8221; css=&#8221;&#8221;]<\/p>\n<h4>Preu<\/h4>\n<p>Drets d&#8217;entrada: 150 \u20ac<\/p>\n<p>Quota Semestral : 119,39 \u20ac[\/vc_column_text][\/vc_tta_section][vc_tta_section title=&#8221;Estudiant&#8221; tab_id=&#8221;1769523299734-dbb716ec-dca8&#8243;][vc_column_text css=&#8221;&#8221;]<strong>Mentre estiguin cursant els estudis, disposen de 25 hores de formaci\u00f3 continuada gratu\u00efta.<\/strong><\/p>\n<ul>\n<li><strong>Avantatge destacat: 25 h de formaci\u00f3 continuada gratu\u00efta (durant el curs).<br \/>\n<\/strong><\/li>\n<\/ul>\n<p>[\/vc_column_text][vc_column_text css_animation=&#8221;fadeInLeft&#8221;]<\/p>\n<h4>Requisits d&#8217;entrada<\/h4>\n<p>1.- Complimentar la sol\u00b7licitud d\u2019inscripci\u00f3 en el Col\u00b7legi.<\/p>\n<p>2.- Fotoc\u00f2pia del D.N.I.<\/p>\n<p>3.- Una fotografia mida carnet en format jpg per a poder fer el carnet col\u00b7legial.[\/vc_column_text][vc_column_text css_animation=&#8221;fadeInLeft&#8221; css=&#8221;&#8221;]<\/p>\n<h4>Preu<\/h4>\n<p>Drets d&#8217;entrada: 150 \u20ac<\/p>\n<p>Quota Semestral : 119,39 \u20ac[\/vc_column_text][\/vc_tta_section][vc_tta_section title=&#8221;Conservaci\u00f3 de cartera&#8221; tab_id=&#8221;1769529087695-d7c768e6-536e&#8221;][vc_column_text css=&#8221;&#8221;]<strong>El col\u00b7legiat \u00e9s la persona f\u00edsica, sigui corredor o agent, que normalment, arribada l\u2019edat de jubilaci\u00f3, es queda com a conservaci\u00f3 de cartera, o sigui que no poden fer nova producci\u00f3 ni altes.<\/strong>[\/vc_column_text][vc_column_text css_animation=&#8221;fadeInLeft&#8221;]<\/p>\n<h4>Requisits d&#8217;entrada<\/h4>\n<p>1.- Complimentar la sol\u00b7licitud d\u2019inscripci\u00f3 en el Col\u00b7legi.<\/p>\n<p>2.- Fotoc\u00f2pia del D.N.I.<\/p>\n<p>3.- Una fotografia mida carnet en format jpg per a poder fer el carnet col\u00b7legial.[\/vc_column_text][vc_column_text css_animation=&#8221;fadeInLeft&#8221; css=&#8221;&#8221;]<\/p>\n<h4>Preu<\/h4>\n<p>Drets d&#8217;entrada: 150 \u20ac<\/p>\n<p>Quota Semestral : 113,74 \u20ac[\/vc_column_text][\/vc_tta_section][vc_tta_section title=&#8221;Oferta Agents&#8221; tab_id=&#8221;1624363270803-8a5caa55-477a&#8221;][vc_column_text css_animation=&#8221;fadeInLeft&#8221; css=&#8221;&#8221;]<\/p>\n<h4><strong>L&#8217;objectiu d&#8217;aquesta proposta \u00e9s contribuir a millorar la compet\u00e8ncia i el desenvolupament professional dels agents, aix\u00ed com el seu reconeixement com experts en assegurances.<\/strong><\/h4>\n<h4>Requisits d&#8217;inscripci\u00f3<\/h4>\n<p>1.- Complimentar la sol\u00b7licitud d\u2019inscripci\u00f3 en el Col\u00b7legi.<\/p>\n<p>2.- Fotoc\u00f2pia del D.N.I.<\/p>\n<p>3.- Una fotografia mida carnet en format jpg per a poder fer el carnet col\u00b7legial.[\/vc_column_text][vc_column_text css_animation=&#8221;fadeInLeft&#8221; css=&#8221;&#8221;]<\/p>\n<h4>Preu<\/h4>\n<ul>\n<li>Primer any gratu\u00eft.<\/li>\n<li>Segon any 150 \u20ac anuals. Que es poden desglossar en pagament semestral de 75 \u20ac<\/li>\n<li>Tercer any, 516,94. Aquesta \u00e9s la quota anual, que s&#8217;actualitza cada any.<\/li>\n<\/ul>\n<p>[\/vc_column_text][\/vc_tta_section][\/vc_tta_tour][stm_spacing lg_spacing=&#8221;25&#8243; md_spacing=&#8221;25&#8243; sm_spacing=&#8221;25&#8243; xs_spacing=&#8221;25&#8243;][\/vc_column][\/vc_row][vc_row][vc_column][vc_custom_heading text=&#8221;Em vull col\u00b7legiar!&#8221;][vc_btn title=&#8221;Descarrega&#8217;t aqu\u00ed la Sol\u00b7licitud d&#8217;inscripci\u00f3 en el Col\u00b7legi.&#8221; color=&#8221;blue&#8221; link=&#8221;url:https%3A%2F%2Fwww.elcol-legi.org%2Fw%2Fdownload%2Fexpedient-de-collegiacio%2F&#8221;][stm_spacing lg_spacing=&#8221;10&#8243; md_spacing=&#8221;10&#8243; sm_spacing=&#8221;10&#8243; xs_spacing=&#8221;10&#8243;][vc_column_text]<\/p>\n<h4>Ja est\u00e0s a punt de ser Col\u00b7legiat!<\/h4>\n<p>[\/vc_column_text][vc_btn title=&#8221;Envia&#8217;ns aqu\u00ed el pdf!&#8221; color=&#8221;blue&#8221; css_animation=&#8221;none&#8221; link=&#8221;url:mailto%3A%20montse.ferrer%40elcol-legi.org&#8221;][\/vc_column][\/vc_row][vc_row][vc_column][stm_spacing lg_spacing=&#8221;15&#8243; md_spacing=&#8221;15&#8243; sm_spacing=&#8221;15&#8243; xs_spacing=&#8221;15&#8243;][vc_column_text]<\/p>\n<h5>Et podem ajudar en alguna cosa?<\/h5>\n<p>[\/vc_column_text]\n<div class=\"wpcf7 no-js\" id=\"wpcf7-f8054-o1\" lang=\"ca\" dir=\"ltr\" data-wpcf7-id=\"8054\">\n<div class=\"screen-reader-response\"><p role=\"status\" aria-live=\"polite\" aria-atomic=\"true\"><\/p> <ul><\/ul><\/div>\n<form action=\"\/w\/wp-json\/wp\/v2\/pages\/5525#wpcf7-f8054-o1\" method=\"post\" class=\"wpcf7-form init\" aria-label=\"Formulari de contacte\" novalidate=\"novalidate\" data-status=\"init\">\n<fieldset class=\"hidden-fields-container\"><input type=\"hidden\" name=\"_wpcf7\" value=\"8054\" \/><input type=\"hidden\" name=\"_wpcf7_version\" value=\"6.1.5\" \/><input type=\"hidden\" name=\"_wpcf7_locale\" value=\"ca\" \/><input type=\"hidden\" name=\"_wpcf7_unit_tag\" value=\"wpcf7-f8054-o1\" \/><input type=\"hidden\" name=\"_wpcf7_container_post\" value=\"0\" \/><input type=\"hidden\" name=\"_wpcf7_posted_data_hash\" value=\"\" \/><input type=\"hidden\" name=\"_wpcf7_recaptcha_response\" value=\"\" \/>\n<\/fieldset>\n<label> El nom\n    <span class=\"wpcf7-form-control-wrap\" data-name=\"your-name\"><input size=\"40\" maxlength=\"400\" class=\"wpcf7-form-control wpcf7-text wpcf7-validates-as-required\" aria-required=\"true\" aria-invalid=\"false\" value=\"\" type=\"text\" name=\"your-name\" \/><\/span> <\/label>\n\n<label> El correu electr\u00f2nic\n    <span class=\"wpcf7-form-control-wrap\" data-name=\"your-email\"><input size=\"40\" maxlength=\"400\" class=\"wpcf7-form-control wpcf7-email wpcf7-validates-as-required wpcf7-text wpcf7-validates-as-email\" aria-required=\"true\" aria-invalid=\"false\" value=\"\" type=\"email\" name=\"your-email\" \/><\/span> <\/label>\n\n<label> Assumpte\n    <span class=\"wpcf7-form-control-wrap\" data-name=\"your-subject\"><input size=\"40\" maxlength=\"400\" class=\"wpcf7-form-control wpcf7-text wpcf7-validates-as-required\" aria-required=\"true\" aria-invalid=\"false\" value=\"\" type=\"text\" name=\"your-subject\" \/><\/span> <\/label>\n\n<label> El missatge (opcional)\n    <span class=\"wpcf7-form-control-wrap\" data-name=\"your-message\"><textarea cols=\"40\" rows=\"10\" maxlength=\"2000\" class=\"wpcf7-form-control wpcf7-textarea wpcf7-validates-as-required\" aria-required=\"true\" aria-invalid=\"false\" name=\"your-message\"><\/textarea><\/span> <\/label>\n<span class=\"wpcf7-form-control-wrap\" data-name=\"acceptance-372\"><span class=\"wpcf7-form-control wpcf7-acceptance optional\"><span class=\"wpcf7-list-item\"><label><input type=\"checkbox\" name=\"acceptance-372\" value=\"1\" aria-invalid=\"false\" \/><span class=\"wpcf7-list-item-label\"><a href=\"https:\/\/www.elcol-legi.org\/w\/avis-legal\/\" style=\"color:blue\"> Accepto condicions <\/a><\/span><\/label><\/span><\/span><\/span>\n\n<div class=\"cf7-cf-turnstile\" style=\"margin-top: 0px; margin-bottom: -15px;\"> <div id=\"cf-turnstile-cf7-547800269\" class=\"cf-turnstile\" data-callback=\"turnstileCF7Callback\" data-sitekey=\"0x4AAAAAABkp8ZEiGJVTyGLT\" data-theme=\"light\" data-language=\"auto\" data-size=\"normal\" data-retry=\"auto\" data-retry-interval=\"1000\" data-refresh-expired=\"auto\" data-refresh-timeout=\"auto\" data-action=\"contact-form-7\" data-callback=\"turnstileCF7Callback\" data-appearance=\"always\"><\/div> <style>.wpcf7-submit { pointer-events: none; opacity: 0.5; }<\/style> <script>document.addEventListener(\"DOMContentLoaded\", function() { setTimeout(function(){ var e=document.getElementById(\"cf-turnstile-cf7-547800269\"); if(e&&!e.innerHTML.trim()){turnstile.render(e, {sitekey:\"0x4AAAAAABkp8ZEiGJVTyGLT\"});} }, 200); });<\/script> <br class=\"cf-turnstile-br cf-turnstile-br-cf7-547800269\"> <style>#cf-turnstile-cf7-547800269 { margin-left: -15px; }<\/style> <script>document.addEventListener(\"DOMContentLoaded\",function(){document.querySelectorAll('.wpcf7-form').forEach(function(e){e.addEventListener('submit',function(){if(document.getElementById('cf-turnstile-cf7-547800269')){setTimeout(function(){turnstile.reset('#cf-turnstile-cf7-547800269');},1000)}})})});<\/script> <\/div><br\/><input class=\"wpcf7-form-control wpcf7-submit has-spinner\" type=\"submit\" value=\"Enviar\" \/><div class=\"wpcf7-response-output\" aria-hidden=\"true\"><\/div>\n<\/form>\n<\/div>\n[\/vc_column][\/vc_row]<\/p>\n<\/div>","protected":false},"excerpt":{"rendered":"<p>[vc_row][vc_column][vc_column_text] Selecciona la opci\u00f3 per veure els requisits per Col\u00b7legiar-te! [\/vc_column_text][stm_spacing lg_spacing=&#8221;15&#8243; md_spacing=&#8221;15&#8243; sm_spacing=&#8221;15&#8243; xs_spacing=&#8221;15&#8243;][\/vc_column][\/vc_row][vc_row][vc_column][vc_tta_tour color=&#8221;blue&#8221; active_section=&#8221;&#8221;][vc_tta_section title=&#8221;Agent Exclusiu Persona F\u00edsica&#8221; tab_id=&#8221;1769523330516-ac58386e-2a80&#8243;][vc_column_text css=&#8221;&#8221;]El col\u00b7legiat \u00e9s la persona f\u00edsica, inscrita en el registre de la Direcci\u00f3n General de Seguros, com a agent exclusiu, nom\u00e9s treballa per una companyia.[\/vc_column_text][vc_column_text css_animation=&#8221;fadeInLeft&#8221;] Requisits d&#8217;inscripci\u00f3 1.- Complimentar la sol\u00b7licitud d\u2019inscripci\u00f3<\/p>\n","protected":false},"author":4,"featured_media":0,"parent":0,"menu_order":0,"comment_status":"closed","ping_status":"closed","template":"","meta":{"footnotes":""},"class_list":["post-5525","page","type-page","status-publish","hentry"],"yoast_head":"<!-- This site is optimized with the Yoast SEO plugin v27.4 - https:\/\/yoast.com\/product\/yoast-seo-wordpress\/ -->\n<title>Col\u00b7legia&#039;t!!! - Col-legi de Mediadors d&#039;Assegurances de Barcelona<\/title>\n<meta name=\"robots\" content=\"index, follow, max-snippet:-1, max-image-preview:large, max-video-preview:-1\" \/>\n<link rel=\"canonical\" href=\"https:\/\/www.elcol-legi.org\/w\/collegiat\/\" \/>\n<meta property=\"og:locale\" content=\"ca_ES\" \/>\n<meta property=\"og:type\" content=\"article\" \/>\n<meta property=\"og:title\" content=\"Col\u00b7legia&#039;t!!! - Col-legi de Mediadors d&#039;Assegurances de Barcelona\" \/>\n<meta property=\"og:description\" content=\"[vc_row][vc_column][vc_column_text] Selecciona la opci\u00f3 per veure els requisits per Col\u00b7legiar-te! [\/vc_column_text][stm_spacing lg_spacing=&#8221;15&#8243; md_spacing=&#8221;15&#8243; sm_spacing=&#8221;15&#8243; xs_spacing=&#8221;15&#8243;][\/vc_column][\/vc_row][vc_row][vc_column][vc_tta_tour color=&#8221;blue&#8221; active_section=&#8221;&#8221;][vc_tta_section title=&#8221;Agent Exclusiu Persona F\u00edsica&#8221; tab_id=&#8221;1769523330516-ac58386e-2a80&#8243;][vc_column_text css=&#8221;&#8221;]El col\u00b7legiat \u00e9s la persona f\u00edsica, inscrita en el registre de la Direcci\u00f3n General de Seguros, com a agent exclusiu, nom\u00e9s treballa per una companyia.[\/vc_column_text][vc_column_text css_animation=&#8221;fadeInLeft&#8221;] Requisits d&#8217;inscripci\u00f3 1.- Complimentar la sol\u00b7licitud d\u2019inscripci\u00f3\" \/>\n<meta property=\"og:url\" content=\"https:\/\/www.elcol-legi.org\/w\/collegiat\/\" \/>\n<meta property=\"og:site_name\" content=\"Col-legi de Mediadors d&#039;Assegurances de Barcelona\" \/>\n<meta property=\"article:modified_time\" content=\"2026-01-29T16:59:09+00:00\" \/>\n<meta name=\"twitter:card\" content=\"summary_large_image\" \/>\n<meta name=\"twitter:label1\" content=\"Temps estimat de lectura\" \/>\n\t<meta name=\"twitter:data1\" content=\"6 minuts\" \/>\n<script type=\"application\/ld+json\" class=\"yoast-schema-graph\">{\"@context\":\"https:\\\/\\\/schema.org\",\"@graph\":[{\"@type\":\"WebPage\",\"@id\":\"https:\\\/\\\/www.elcol-legi.org\\\/w\\\/collegiat\\\/\",\"url\":\"https:\\\/\\\/www.elcol-legi.org\\\/w\\\/collegiat\\\/\",\"name\":\"Col\u00b7legia't!!! - Col-legi de Mediadors d&#039;Assegurances de Barcelona\",\"isPartOf\":{\"@id\":\"https:\\\/\\\/www.elcol-legi.org\\\/w\\\/#website\"},\"datePublished\":\"2021-06-16T14:17:02+00:00\",\"dateModified\":\"2026-01-29T16:59:09+00:00\",\"breadcrumb\":{\"@id\":\"https:\\\/\\\/www.elcol-legi.org\\\/w\\\/collegiat\\\/#breadcrumb\"},\"inLanguage\":\"ca\",\"potentialAction\":[{\"@type\":\"ReadAction\",\"target\":[\"https:\\\/\\\/www.elcol-legi.org\\\/w\\\/collegiat\\\/\"]}]},{\"@type\":\"BreadcrumbList\",\"@id\":\"https:\\\/\\\/www.elcol-legi.org\\\/w\\\/collegiat\\\/#breadcrumb\",\"itemListElement\":[{\"@type\":\"ListItem\",\"position\":1,\"name\":\"Inici\",\"item\":\"https:\\\/\\\/www.elcol-legi.org\\\/w\\\/\"},{\"@type\":\"ListItem\",\"position\":2,\"name\":\"Col\u00b7legia&#8217;t!!!\"}]},{\"@type\":\"WebSite\",\"@id\":\"https:\\\/\\\/www.elcol-legi.org\\\/w\\\/#website\",\"url\":\"https:\\\/\\\/www.elcol-legi.org\\\/w\\\/\",\"name\":\"Col-legi de Mediadors d&#039;Assegurances de Barcelona\",\"description\":\"Support al mediador d&#039;assegurances\",\"potentialAction\":[{\"@type\":\"SearchAction\",\"target\":{\"@type\":\"EntryPoint\",\"urlTemplate\":\"https:\\\/\\\/www.elcol-legi.org\\\/w\\\/?s={search_term_string}\"},\"query-input\":{\"@type\":\"PropertyValueSpecification\",\"valueRequired\":true,\"valueName\":\"search_term_string\"}}],\"inLanguage\":\"ca\"}]}<\/script>\n<!-- \/ Yoast SEO plugin. -->","yoast_head_json":{"title":"Col\u00b7legia't!!! - Col-legi de Mediadors d&#039;Assegurances de Barcelona","robots":{"index":"index","follow":"follow","max-snippet":"max-snippet:-1","max-image-preview":"max-image-preview:large","max-video-preview":"max-video-preview:-1"},"canonical":"https:\/\/www.elcol-legi.org\/w\/collegiat\/","og_locale":"ca_ES","og_type":"article","og_title":"Col\u00b7legia't!!! - Col-legi de Mediadors d&#039;Assegurances de Barcelona","og_description":"[vc_row][vc_column][vc_column_text] Selecciona la opci\u00f3 per veure els requisits per Col\u00b7legiar-te! [\/vc_column_text][stm_spacing lg_spacing=&#8221;15&#8243; md_spacing=&#8221;15&#8243; sm_spacing=&#8221;15&#8243; xs_spacing=&#8221;15&#8243;][\/vc_column][\/vc_row][vc_row][vc_column][vc_tta_tour color=&#8221;blue&#8221; active_section=&#8221;&#8221;][vc_tta_section title=&#8221;Agent Exclusiu Persona F\u00edsica&#8221; tab_id=&#8221;1769523330516-ac58386e-2a80&#8243;][vc_column_text css=&#8221;&#8221;]El col\u00b7legiat \u00e9s la persona f\u00edsica, inscrita en el registre de la Direcci\u00f3n General de Seguros, com a agent exclusiu, nom\u00e9s treballa per una companyia.[\/vc_column_text][vc_column_text css_animation=&#8221;fadeInLeft&#8221;] Requisits d&#8217;inscripci\u00f3 1.- Complimentar la sol\u00b7licitud d\u2019inscripci\u00f3","og_url":"https:\/\/www.elcol-legi.org\/w\/collegiat\/","og_site_name":"Col-legi de Mediadors d&#039;Assegurances de Barcelona","article_modified_time":"2026-01-29T16:59:09+00:00","twitter_card":"summary_large_image","twitter_misc":{"Temps estimat de lectura":"6 minuts"},"schema":{"@context":"https:\/\/schema.org","@graph":[{"@type":"WebPage","@id":"https:\/\/www.elcol-legi.org\/w\/collegiat\/","url":"https:\/\/www.elcol-legi.org\/w\/collegiat\/","name":"Col\u00b7legia't!!! - Col-legi de Mediadors d&#039;Assegurances de Barcelona","isPartOf":{"@id":"https:\/\/www.elcol-legi.org\/w\/#website"},"datePublished":"2021-06-16T14:17:02+00:00","dateModified":"2026-01-29T16:59:09+00:00","breadcrumb":{"@id":"https:\/\/www.elcol-legi.org\/w\/collegiat\/#breadcrumb"},"inLanguage":"ca","potentialAction":[{"@type":"ReadAction","target":["https:\/\/www.elcol-legi.org\/w\/collegiat\/"]}]},{"@type":"BreadcrumbList","@id":"https:\/\/www.elcol-legi.org\/w\/collegiat\/#breadcrumb","itemListElement":[{"@type":"ListItem","position":1,"name":"Inici","item":"https:\/\/www.elcol-legi.org\/w\/"},{"@type":"ListItem","position":2,"name":"Col\u00b7legia&#8217;t!!!"}]},{"@type":"WebSite","@id":"https:\/\/www.elcol-legi.org\/w\/#website","url":"https:\/\/www.elcol-legi.org\/w\/","name":"Col-legi de Mediadors d&#039;Assegurances de Barcelona","description":"Support al mediador d&#039;assegurances","potentialAction":[{"@type":"SearchAction","target":{"@type":"EntryPoint","urlTemplate":"https:\/\/www.elcol-legi.org\/w\/?s={search_term_string}"},"query-input":{"@type":"PropertyValueSpecification","valueRequired":true,"valueName":"search_term_string"}}],"inLanguage":"ca"}]}},"_links":{"self":[{"href":"https:\/\/www.elcol-legi.org\/w\/wp-json\/wp\/v2\/pages\/5525","targetHints":{"allow":["GET"]}}],"collection":[{"href":"https:\/\/www.elcol-legi.org\/w\/wp-json\/wp\/v2\/pages"}],"about":[{"href":"https:\/\/www.elcol-legi.org\/w\/wp-json\/wp\/v2\/types\/page"}],"author":[{"embeddable":true,"href":"https:\/\/www.elcol-legi.org\/w\/wp-json\/wp\/v2\/users\/4"}],"replies":[{"embeddable":true,"href":"https:\/\/www.elcol-legi.org\/w\/wp-json\/wp\/v2\/comments?post=5525"}],"version-history":[{"count":25,"href":"https:\/\/www.elcol-legi.org\/w\/wp-json\/wp\/v2\/pages\/5525\/revisions"}],"predecessor-version":[{"id":26465,"href":"https:\/\/www.elcol-legi.org\/w\/wp-json\/wp\/v2\/pages\/5525\/revisions\/26465"}],"wp:attachment":[{"href":"https:\/\/www.elcol-legi.org\/w\/wp-json\/wp\/v2\/media?parent=5525"}],"curies":[{"name":"wp","href":"https:\/\/api.w.org\/{rel}","templated":true}]}}