{"id":6927,"date":"2021-12-14T15:21:57","date_gmt":"2021-12-14T13:21:57","guid":{"rendered":"https:\/\/elcol-legi.org\/w\/?page_id=6927"},"modified":"2025-11-14T13:25:56","modified_gmt":"2025-11-14T11:25:56","slug":"memories-activitat","status":"publish","type":"page","link":"https:\/\/www.elcol-legi.org\/w\/memories-activitat\/","title":{"rendered":"Mem\u00f2ries d&#8217;activitat"},"content":{"rendered":"<div class=\"wpb-content-wrapper\"><p>[vc_row][vc_column][vc_empty_space height=&#8221;20px&#8221;][\/vc_column][\/vc_row][vc_row][vc_column width=&#8221;1\/2&#8243;][vc_custom_heading text=&#8221;Mem\u00f2ria d&#8217;Activitats del<br \/>\nCol\u00b7legi&#8221;][vc_column_text css=&#8221;&#8221;]<\/p>\n<h4><span style=\"color: #1b3b72;\"><a style=\"color: #1b3b72;\" href=\"https:\/\/www.elcol-legi.org\/w\/wp-content\/uploads\/2021\/12\/MemoriaCMAB24.pdf\">Mem\u00f2ria del Col\u00b7legi 2024<\/a><\/span><\/h4>\n<p>[\/vc_column_text][vc_column_text css=&#8221;&#8221;]<\/p>\n<h4><span style=\"color: #1b3b72;\"><a style=\"color: #1b3b72;\" href=\"https:\/\/www.elcol-legi.org\/w\/wp-content\/uploads\/2021\/12\/MemoriaCole2023.pdf\">Mem\u00f2ria del Col\u00b7legi 2023<\/a><\/span><\/h4>\n<p>[\/vc_column_text][vc_column_text]<\/p>\n<h4><span style=\"color: #1b3b72;\"><a style=\"color: #1b3b72;\" href=\"https:\/\/www.elcol-legi.org\/w\/wp-content\/uploads\/2021\/12\/Memoria_2022_Colegi.pdf\">Mem\u00f2ria del Col\u00b7legi 2022<\/a><\/span><\/h4>\n<p>[\/vc_column_text][vc_column_text]<\/p>\n<h4><span style=\"color: #1b3b72;\"><a style=\"color: #1b3b72;\" href=\"https:\/\/www.elcol-legi.org\/w\/wp-content\/uploads\/2021\/12\/Memoria_2021-Colegi.pdf\">Mem\u00f2ria del Col\u00b7legi 2021<\/a><\/span><\/h4>\n<p>[\/vc_column_text][vc_column_text]<\/p>\n<h4><span style=\"color: #1b3b72;\"><a style=\"color: #1b3b72;\" href=\"https:\/\/elcol-legi.org\/w\/wp-content\/uploads\/2021\/12\/Memoria-CMAB-2020.pdf\">Mem\u00f2ria del Col\u00b7legi 2020<\/a><\/span><\/h4>\n<p>[\/vc_column_text][vc_column_text]<\/p>\n<h4><span style=\"color: #1b3b72;\"><a style=\"color: #1b3b72;\" href=\"https:\/\/elcol-legi.org\/w\/wp-content\/uploads\/2021\/12\/Memoria-CMAB-2019.pdf\">Mem\u00f2ria del Col-legi 2019<\/a><\/span><\/h4>\n<p>[\/vc_column_text][vc_column_text]<\/p>\n<h4><span style=\"color: #1b3b72;\"><a style=\"color: #1b3b72;\" href=\"https:\/\/elcol-legi.org\/w\/wp-content\/uploads\/2021\/12\/Memoria-CMAB-2018-1.pdf\">Mem\u00f2ria del Col\u00b7legi 2018<\/a><\/span><\/h4>\n<p>[\/vc_column_text][\/vc_column][vc_column width=&#8221;1\/2&#8243;][vc_custom_heading text=&#8221;Mem\u00f2ria d&#8217;Activitats de la Fundaci\u00f3 Auditorium&#8221;][vc_column_text css=&#8221;&#8221;]<\/p>\n<h4><span style=\"color: #af133a;\"><a style=\"color: #af133a;\" href=\"https:\/\/www.elcol-legi.org\/w\/wp-content\/uploads\/2021\/12\/Memoria-Fundacio-2024.pdf\">Mem\u00f2ria de la Fundaci\u00f3 Auditorium 2024<\/a><\/span><\/h4>\n<p>[\/vc_column_text][vc_column_text css=&#8221;&#8221;]<\/p>\n<h4><span style=\"color: #af133a;\"><a style=\"color: #af133a;\" href=\"https:\/\/www.elcol-legi.org\/w\/wp-content\/uploads\/2021\/12\/Memoria-Fundacio-2023.pdf\">Mem\u00f2ria de la Fundaci\u00f3 Auditorium 2023<\/a><\/span><\/h4>\n<p>[\/vc_column_text][vc_column_text]<\/p>\n<h4><span style=\"color: #af133a;\"><a style=\"color: #af133a;\" href=\"https:\/\/www.elcol-legi.org\/w\/wp-content\/uploads\/2021\/12\/Memoria-Fundacio-2022.pdf\">Mem\u00f2ria de la Fundaci\u00f3 Auditorium 2022<\/a><\/span><\/h4>\n<p>[\/vc_column_text][vc_column_text]<\/p>\n<h4><span style=\"color: #af133a;\"><a style=\"color: #af133a;\" href=\"https:\/\/www.elcol-legi.org\/w\/wp-content\/uploads\/2021\/12\/Memoria-2021-R.pdf\">Mem\u00f2ria de la Fundaci\u00f3 Auditorium 2021<\/a><\/span><\/h4>\n<p>[\/vc_column_text][vc_column_text]<\/p>\n<h4><span style=\"color: #af133a;\"><a style=\"color: #af133a;\" href=\"https:\/\/elcol-legi.org\/w\/wp-content\/uploads\/2021\/12\/Memoria-Fundacio-2020.pdf\">Mem\u00f2ria de la Fundaci\u00f3 Auditorium 2020<\/a><\/span><\/h4>\n<p>[\/vc_column_text][vc_column_text]<\/p>\n<h4><span style=\"color: #af133a;\"><a style=\"color: #af133a;\" href=\"https:\/\/elcol-legi.org\/w\/wp-content\/uploads\/2021\/12\/Memoria-Fundacio-2019.pdf\">Mem\u00f2ria de la Fundaci\u00f3 Auditorium\u00a0 2019<\/a><\/span><\/h4>\n<p>[\/vc_column_text][vc_column_text]<\/p>\n<h4><span style=\"color: #af133a;\"><a style=\"color: #af133a;\" href=\"https:\/\/elcol-legi.org\/w\/wp-content\/uploads\/2021\/12\/Memoria-Fundacio-2018.pdf\">Mem\u00f2ria de la Fundaci\u00f3 Auditorium 2018<\/a><\/span><\/h4>\n<p>[\/vc_column_text][\/vc_column][\/vc_row]<\/p>\n<\/div>","protected":false},"excerpt":{"rendered":"<p>[vc_row][vc_column][vc_empty_space height=&#8221;20px&#8221;][\/vc_column][\/vc_row][vc_row][vc_column width=&#8221;1\/2&#8243;][vc_custom_heading text=&#8221;Mem\u00f2ria d&#8217;Activitats del Col\u00b7legi&#8221;][vc_column_text css=&#8221;&#8221;] Mem\u00f2ria del Col\u00b7legi 2024 [\/vc_column_text][vc_column_text css=&#8221;&#8221;] Mem\u00f2ria del Col\u00b7legi 2023 [\/vc_column_text][vc_column_text] Mem\u00f2ria del Col\u00b7legi 2022 [\/vc_column_text][vc_column_text] Mem\u00f2ria del Col\u00b7legi 2021 [\/vc_column_text][vc_column_text] Mem\u00f2ria del Col\u00b7legi 2020 [\/vc_column_text][vc_column_text] Mem\u00f2ria del Col-legi 2019 [\/vc_column_text][vc_column_text] Mem\u00f2ria del Col\u00b7legi 2018 [\/vc_column_text][\/vc_column][vc_column width=&#8221;1\/2&#8243;][vc_custom_heading text=&#8221;Mem\u00f2ria d&#8217;Activitats de la Fundaci\u00f3 Auditorium&#8221;][vc_column_text css=&#8221;&#8221;] Mem\u00f2ria de la<\/p>\n","protected":false},"author":4,"featured_media":0,"parent":0,"menu_order":0,"comment_status":"closed","ping_status":"closed","template":"","meta":{"footnotes":""},"class_list":["post-6927","page","type-page","status-publish","hentry"],"yoast_head":"<!-- This site is optimized with the Yoast SEO plugin v27.4 - https:\/\/yoast.com\/product\/yoast-seo-wordpress\/ -->\n<title>Mem\u00f2ries d&#039;activitat - Col-legi de Mediadors d&#039;Assegurances de Barcelona<\/title>\n<meta name=\"robots\" content=\"index, follow, max-snippet:-1, max-image-preview:large, max-video-preview:-1\" \/>\n<link rel=\"canonical\" href=\"https:\/\/www.elcol-legi.org\/w\/memories-activitat\/\" \/>\n<meta property=\"og:locale\" content=\"ca_ES\" \/>\n<meta property=\"og:type\" content=\"article\" \/>\n<meta property=\"og:title\" content=\"Mem\u00f2ries d&#039;activitat - Col-legi de Mediadors d&#039;Assegurances de Barcelona\" \/>\n<meta property=\"og:description\" content=\"[vc_row][vc_column][vc_empty_space height=&#8221;20px&#8221;][\/vc_column][\/vc_row][vc_row][vc_column width=&#8221;1\/2&#8243;][vc_custom_heading text=&#8221;Mem\u00f2ria d&#8217;Activitats del Col\u00b7legi&#8221;][vc_column_text css=&#8221;&#8221;] Mem\u00f2ria del Col\u00b7legi 2024 [\/vc_column_text][vc_column_text css=&#8221;&#8221;] Mem\u00f2ria del Col\u00b7legi 2023 [\/vc_column_text][vc_column_text] Mem\u00f2ria del Col\u00b7legi 2022 [\/vc_column_text][vc_column_text] Mem\u00f2ria del Col\u00b7legi 2021 [\/vc_column_text][vc_column_text] Mem\u00f2ria del Col\u00b7legi 2020 [\/vc_column_text][vc_column_text] Mem\u00f2ria del Col-legi 2019 [\/vc_column_text][vc_column_text] Mem\u00f2ria del Col\u00b7legi 2018 [\/vc_column_text][\/vc_column][vc_column width=&#8221;1\/2&#8243;][vc_custom_heading text=&#8221;Mem\u00f2ria d&#8217;Activitats de la Fundaci\u00f3 Auditorium&#8221;][vc_column_text css=&#8221;&#8221;] Mem\u00f2ria de la\" \/>\n<meta property=\"og:url\" content=\"https:\/\/www.elcol-legi.org\/w\/memories-activitat\/\" \/>\n<meta property=\"og:site_name\" content=\"Col-legi de Mediadors d&#039;Assegurances de Barcelona\" \/>\n<meta property=\"article:modified_time\" content=\"2025-11-14T11:25:56+00:00\" \/>\n<meta name=\"twitter:card\" content=\"summary_large_image\" \/>\n<meta name=\"twitter:label1\" content=\"Temps estimat de lectura\" \/>\n\t<meta name=\"twitter:data1\" content=\"1 minut\" \/>\n<script type=\"application\/ld+json\" class=\"yoast-schema-graph\">{\"@context\":\"https:\\\/\\\/schema.org\",\"@graph\":[{\"@type\":\"WebPage\",\"@id\":\"https:\\\/\\\/www.elcol-legi.org\\\/w\\\/memories-activitat\\\/\",\"url\":\"https:\\\/\\\/www.elcol-legi.org\\\/w\\\/memories-activitat\\\/\",\"name\":\"Mem\u00f2ries d'activitat - Col-legi de Mediadors d&#039;Assegurances de Barcelona\",\"isPartOf\":{\"@id\":\"https:\\\/\\\/www.elcol-legi.org\\\/w\\\/#website\"},\"datePublished\":\"2021-12-14T13:21:57+00:00\",\"dateModified\":\"2025-11-14T11:25:56+00:00\",\"breadcrumb\":{\"@id\":\"https:\\\/\\\/www.elcol-legi.org\\\/w\\\/memories-activitat\\\/#breadcrumb\"},\"inLanguage\":\"ca\",\"potentialAction\":[{\"@type\":\"ReadAction\",\"target\":[\"https:\\\/\\\/www.elcol-legi.org\\\/w\\\/memories-activitat\\\/\"]}]},{\"@type\":\"BreadcrumbList\",\"@id\":\"https:\\\/\\\/www.elcol-legi.org\\\/w\\\/memories-activitat\\\/#breadcrumb\",\"itemListElement\":[{\"@type\":\"ListItem\",\"position\":1,\"name\":\"Inici\",\"item\":\"https:\\\/\\\/www.elcol-legi.org\\\/w\\\/\"},{\"@type\":\"ListItem\",\"position\":2,\"name\":\"Mem\u00f2ries d&#8217;activitat\"}]},{\"@type\":\"WebSite\",\"@id\":\"https:\\\/\\\/www.elcol-legi.org\\\/w\\\/#website\",\"url\":\"https:\\\/\\\/www.elcol-legi.org\\\/w\\\/\",\"name\":\"Col-legi de Mediadors d&#039;Assegurances de Barcelona\",\"description\":\"Support al mediador d&#039;assegurances\",\"potentialAction\":[{\"@type\":\"SearchAction\",\"target\":{\"@type\":\"EntryPoint\",\"urlTemplate\":\"https:\\\/\\\/www.elcol-legi.org\\\/w\\\/?s={search_term_string}\"},\"query-input\":{\"@type\":\"PropertyValueSpecification\",\"valueRequired\":true,\"valueName\":\"search_term_string\"}}],\"inLanguage\":\"ca\"}]}<\/script>\n<!-- \/ Yoast SEO plugin. -->","yoast_head_json":{"title":"Mem\u00f2ries d'activitat - Col-legi de Mediadors d&#039;Assegurances de Barcelona","robots":{"index":"index","follow":"follow","max-snippet":"max-snippet:-1","max-image-preview":"max-image-preview:large","max-video-preview":"max-video-preview:-1"},"canonical":"https:\/\/www.elcol-legi.org\/w\/memories-activitat\/","og_locale":"ca_ES","og_type":"article","og_title":"Mem\u00f2ries d'activitat - Col-legi de Mediadors d&#039;Assegurances de Barcelona","og_description":"[vc_row][vc_column][vc_empty_space height=&#8221;20px&#8221;][\/vc_column][\/vc_row][vc_row][vc_column width=&#8221;1\/2&#8243;][vc_custom_heading text=&#8221;Mem\u00f2ria d&#8217;Activitats del Col\u00b7legi&#8221;][vc_column_text css=&#8221;&#8221;] Mem\u00f2ria del Col\u00b7legi 2024 [\/vc_column_text][vc_column_text css=&#8221;&#8221;] Mem\u00f2ria del Col\u00b7legi 2023 [\/vc_column_text][vc_column_text] Mem\u00f2ria del Col\u00b7legi 2022 [\/vc_column_text][vc_column_text] Mem\u00f2ria del Col\u00b7legi 2021 [\/vc_column_text][vc_column_text] Mem\u00f2ria del Col\u00b7legi 2020 [\/vc_column_text][vc_column_text] Mem\u00f2ria del Col-legi 2019 [\/vc_column_text][vc_column_text] Mem\u00f2ria del Col\u00b7legi 2018 [\/vc_column_text][\/vc_column][vc_column width=&#8221;1\/2&#8243;][vc_custom_heading text=&#8221;Mem\u00f2ria d&#8217;Activitats de la Fundaci\u00f3 Auditorium&#8221;][vc_column_text css=&#8221;&#8221;] Mem\u00f2ria de la","og_url":"https:\/\/www.elcol-legi.org\/w\/memories-activitat\/","og_site_name":"Col-legi de Mediadors d&#039;Assegurances de Barcelona","article_modified_time":"2025-11-14T11:25:56+00:00","twitter_card":"summary_large_image","twitter_misc":{"Temps estimat de lectura":"1 minut"},"schema":{"@context":"https:\/\/schema.org","@graph":[{"@type":"WebPage","@id":"https:\/\/www.elcol-legi.org\/w\/memories-activitat\/","url":"https:\/\/www.elcol-legi.org\/w\/memories-activitat\/","name":"Mem\u00f2ries d'activitat - Col-legi de Mediadors d&#039;Assegurances de Barcelona","isPartOf":{"@id":"https:\/\/www.elcol-legi.org\/w\/#website"},"datePublished":"2021-12-14T13:21:57+00:00","dateModified":"2025-11-14T11:25:56+00:00","breadcrumb":{"@id":"https:\/\/www.elcol-legi.org\/w\/memories-activitat\/#breadcrumb"},"inLanguage":"ca","potentialAction":[{"@type":"ReadAction","target":["https:\/\/www.elcol-legi.org\/w\/memories-activitat\/"]}]},{"@type":"BreadcrumbList","@id":"https:\/\/www.elcol-legi.org\/w\/memories-activitat\/#breadcrumb","itemListElement":[{"@type":"ListItem","position":1,"name":"Inici","item":"https:\/\/www.elcol-legi.org\/w\/"},{"@type":"ListItem","position":2,"name":"Mem\u00f2ries d&#8217;activitat"}]},{"@type":"WebSite","@id":"https:\/\/www.elcol-legi.org\/w\/#website","url":"https:\/\/www.elcol-legi.org\/w\/","name":"Col-legi de Mediadors d&#039;Assegurances de Barcelona","description":"Support al mediador d&#039;assegurances","potentialAction":[{"@type":"SearchAction","target":{"@type":"EntryPoint","urlTemplate":"https:\/\/www.elcol-legi.org\/w\/?s={search_term_string}"},"query-input":{"@type":"PropertyValueSpecification","valueRequired":true,"valueName":"search_term_string"}}],"inLanguage":"ca"}]}},"_links":{"self":[{"href":"https:\/\/www.elcol-legi.org\/w\/wp-json\/wp\/v2\/pages\/6927","targetHints":{"allow":["GET"]}}],"collection":[{"href":"https:\/\/www.elcol-legi.org\/w\/wp-json\/wp\/v2\/pages"}],"about":[{"href":"https:\/\/www.elcol-legi.org\/w\/wp-json\/wp\/v2\/types\/page"}],"author":[{"embeddable":true,"href":"https:\/\/www.elcol-legi.org\/w\/wp-json\/wp\/v2\/users\/4"}],"replies":[{"embeddable":true,"href":"https:\/\/www.elcol-legi.org\/w\/wp-json\/wp\/v2\/comments?post=6927"}],"version-history":[{"count":17,"href":"https:\/\/www.elcol-legi.org\/w\/wp-json\/wp\/v2\/pages\/6927\/revisions"}],"predecessor-version":[{"id":25589,"href":"https:\/\/www.elcol-legi.org\/w\/wp-json\/wp\/v2\/pages\/6927\/revisions\/25589"}],"wp:attachment":[{"href":"https:\/\/www.elcol-legi.org\/w\/wp-json\/wp\/v2\/media?parent=6927"}],"curies":[{"name":"wp","href":"https:\/\/api.w.org\/{rel}","templated":true}]}}